{"id":349,"date":"2020-02-05T09:12:28","date_gmt":"2020-02-05T09:12:28","guid":{"rendered":"https:\/\/the7.io\/elementor-business-one-page\/?page_id=349"},"modified":"2026-02-05T16:55:02","modified_gmt":"2026-02-05T16:55:02","slug":"blog","status":"publish","type":"page","link":"https:\/\/aport.pt\/jfc\/blog\/","title":{"rendered":"Blog"},"content":{"rendered":"\t\t<div data-elementor-type=\"wp-page\" data-elementor-id=\"349\" class=\"elementor elementor-349\" data-elementor-post-type=\"page\">\n\t\t\t\t\t\t<section class=\"elementor-section elementor-top-section elementor-element elementor-element-25f0367 elementor-section-boxed elementor-section-height-default elementor-section-height-default\" data-id=\"25f0367\" data-element_type=\"section\" data-e-type=\"section\">\n\t\t\t\t\t\t<div class=\"elementor-container elementor-column-gap-no\">\n\t\t\t\t\t<div class=\"elementor-column elementor-col-100 elementor-top-column elementor-element elementor-element-4dac67e\" data-id=\"4dac67e\" data-element_type=\"column\" data-e-type=\"column\">\n\t\t\t<div class=\"elementor-widget-wrap elementor-element-populated\">\n\t\t\t\t\t\t<div class=\"elementor-element elementor-element-48380d2 elementor-widget elementor-widget-spacer\" data-id=\"48380d2\" data-element_type=\"widget\" data-e-type=\"widget\" data-widget_type=\"spacer.default\">\n\t\t\t\t<div class=\"elementor-widget-container\">\n\t\t\t\t\t\t\t<div class=\"elementor-spacer\">\n\t\t\t<div class=\"elementor-spacer-inner\"><\/div>\n\t\t<\/div>\n\t\t\t\t\t\t<\/div>\n\t\t\t\t<\/div>\n\t\t\t\t<div class=\"elementor-element elementor-element-b37193b preserve-img-ratio-cover elementor-widget elementor-widget-the7_elements\" data-id=\"b37193b\" data-element_type=\"widget\" data-e-type=\"widget\" data-widget_type=\"the7_elements.default\">\n\t\t\t\t<div class=\"elementor-widget-container\">\n\t\t\t\t\t<div class=\"portfolio-shortcode the7-elementor-widget the7_elements-b37193b mode-grid dt-css-grid-wrap classic-layout-list description-under-image meta-info-off content-bg-on resize-by-browser-width loading-effect-none\" data-padding=\"40px\" data-mobile-columns-num=\"1\" data-tablet-columns-num=\"2\" data-desktop-columns-num=\"2\" data-wide-desktop-columns-num=\"3\" data-post-limit=\"-1\" data-pagination-mode=\"standard\" data-scroll-offset=\"\"><div class=\"dt-css-grid custom-pagination-handler\"><div class=\"visible wf-cell\" data-post-id=\"4787\" data-date=\"2024-04-12T09:58:28+00:00\" data-name=\"Madeira Free Trade Zone\"><article class=\"post visible post-4787 type-post status-publish format-standard has-post-thumbnail hentry category-company-news category-2 description-off\" data-name=\"Madeira Free Trade Zone\" data-date=\"2024-04-12T09:58:28+00:00\">\n\n\t<div class=\"post-thumbnail-wrap\">\n\t\t<div class=\"post-thumbnail\">\n\n\t\t\t<a class=\"post-thumbnail-rollover layzr-bg img-css-resize-wrapper\" aria-label=\"Post image\" href=\"https:\/\/aport.pt\/jfc\/madeira\/\"><img fetchpriority=\"high\" decoding=\"async\" width=\"984\" height=\"984\" src=\"data:image\/svg+xml,%3Csvg%20xmlns%3D&#039;http%3A%2F%2Fwww.w3.org%2F2000%2Fsvg&#039;%20viewBox%3D&#039;0%200%20984%20984&#039;%2F%3E\" class=\"attachment-full size-full preload-me aspect lazy lazy-load\" alt=\"\" sizes=\"(max-width: 984px) 100vw, 984px\" style=\"--ratio: 984 \/ 984;\" data-src=\"https:\/\/aport.pt\/jfc\/wp-content\/uploads\/2024\/04\/madeira.jpg\" loading=\"eager\" data-srcset=\"https:\/\/aport.pt\/jfc\/wp-content\/uploads\/2024\/04\/madeira.jpg 984w, https:\/\/aport.pt\/jfc\/wp-content\/uploads\/2024\/04\/madeira-300x300.jpg 300w, https:\/\/aport.pt\/jfc\/wp-content\/uploads\/2024\/04\/madeira-150x150.jpg 150w, https:\/\/aport.pt\/jfc\/wp-content\/uploads\/2024\/04\/madeira-768x768.jpg 768w\" \/><span class=\"the7-hover-icon\"><i aria-hidden=\"true\" class=\" icomoon-the7-font-the7-link-03\"><\/i><\/span><\/a>\n\t\t<\/div>\n\t<\/div>\n\n\n<div class=\"post-entry-content\">\n\n\t<h3 class=\"ele-entry-title\"><a href=\"https:\/\/aport.pt\/jfc\/madeira\/\" rel=\"bookmark\" title=\"Madeira Free Trade Zone\">Madeira Free Trade Zone<\/a><\/h3><a href=\"https:\/\/aport.pt\/jfc\/madeira\/\" target=\"\" aria-label=\"Read more about Madeira Free Trade Zone\" class=\"box-button elementor-button elementor-size-xs\">Ler mais<\/a>\n<\/div><\/article><\/div><div class=\"visible wf-cell\" data-post-id=\"4784\" data-date=\"2024-04-12T09:57:25+00:00\" data-name=\"Working as a Freelancer in Portugal\"><article class=\"post visible post-4784 type-post status-publish format-standard has-post-thumbnail hentry category-uncategorized-pt category-37 description-off\" data-name=\"Working as a Freelancer in Portugal\" data-date=\"2024-04-12T09:57:25+00:00\">\n\n\t<div class=\"post-thumbnail-wrap\">\n\t\t<div class=\"post-thumbnail\">\n\n\t\t\t<a class=\"post-thumbnail-rollover layzr-bg img-css-resize-wrapper\" aria-label=\"Post image\" href=\"https:\/\/aport.pt\/jfc\/freelancer\/\"><img decoding=\"async\" width=\"984\" height=\"984\" src=\"data:image\/svg+xml,%3Csvg%20xmlns%3D&#039;http%3A%2F%2Fwww.w3.org%2F2000%2Fsvg&#039;%20viewBox%3D&#039;0%200%20984%20984&#039;%2F%3E\" class=\"attachment-full size-full preload-me aspect lazy lazy-load\" alt=\"\" sizes=\"(max-width: 984px) 100vw, 984px\" style=\"--ratio: 984 \/ 984;\" data-src=\"https:\/\/aport.pt\/jfc\/wp-content\/uploads\/2024\/04\/freelancer.jpg\" loading=\"eager\" data-srcset=\"https:\/\/aport.pt\/jfc\/wp-content\/uploads\/2024\/04\/freelancer.jpg 984w, https:\/\/aport.pt\/jfc\/wp-content\/uploads\/2024\/04\/freelancer-300x300.jpg 300w, https:\/\/aport.pt\/jfc\/wp-content\/uploads\/2024\/04\/freelancer-150x150.jpg 150w, https:\/\/aport.pt\/jfc\/wp-content\/uploads\/2024\/04\/freelancer-768x768.jpg 768w\" \/><span class=\"the7-hover-icon\"><i aria-hidden=\"true\" class=\" icomoon-the7-font-the7-link-03\"><\/i><\/span><\/a>\n\t\t<\/div>\n\t<\/div>\n\n\n<div class=\"post-entry-content\">\n\n\t<h3 class=\"ele-entry-title\"><a href=\"https:\/\/aport.pt\/jfc\/freelancer\/\" rel=\"bookmark\" title=\"Working as a Freelancer in Portugal\">Working as a Freelancer in Portugal<\/a><\/h3><a href=\"https:\/\/aport.pt\/jfc\/freelancer\/\" target=\"\" aria-label=\"Read more about Working as a Freelancer in Portugal\" class=\"box-button elementor-button elementor-size-xs\">Ler mais<\/a>\n<\/div><\/article><\/div><div class=\"visible wf-cell\" data-post-id=\"4778\" data-date=\"2024-04-12T09:56:36+00:00\" data-name=\"Golden Visa\"><article class=\"post visible post-4778 type-post status-publish format-standard has-post-thumbnail hentry category-uncategorized-pt category-37 description-off\" data-name=\"Golden Visa\" data-date=\"2024-04-12T09:56:36+00:00\">\n\n\t<div class=\"post-thumbnail-wrap\">\n\t\t<div class=\"post-thumbnail\">\n\n\t\t\t<a class=\"post-thumbnail-rollover layzr-bg img-css-resize-wrapper\" aria-label=\"Post image\" href=\"https:\/\/aport.pt\/jfc\/golden\/\"><img decoding=\"async\" width=\"984\" height=\"984\" src=\"data:image\/svg+xml,%3Csvg%20xmlns%3D&#039;http%3A%2F%2Fwww.w3.org%2F2000%2Fsvg&#039;%20viewBox%3D&#039;0%200%20984%20984&#039;%2F%3E\" class=\"attachment-full size-full preload-me aspect lazy lazy-load\" alt=\"\" sizes=\"(max-width: 984px) 100vw, 984px\" style=\"--ratio: 984 \/ 984;\" data-src=\"https:\/\/aport.pt\/jfc\/wp-content\/uploads\/2024\/04\/golden.jpg\" loading=\"eager\" data-srcset=\"https:\/\/aport.pt\/jfc\/wp-content\/uploads\/2024\/04\/golden.jpg 984w, https:\/\/aport.pt\/jfc\/wp-content\/uploads\/2024\/04\/golden-300x300.jpg 300w, https:\/\/aport.pt\/jfc\/wp-content\/uploads\/2024\/04\/golden-150x150.jpg 150w, https:\/\/aport.pt\/jfc\/wp-content\/uploads\/2024\/04\/golden-768x768.jpg 768w\" \/><span class=\"the7-hover-icon\"><i aria-hidden=\"true\" class=\" icomoon-the7-font-the7-link-03\"><\/i><\/span><\/a>\n\t\t<\/div>\n\t<\/div>\n\n\n<div class=\"post-entry-content\">\n\n\t<h3 class=\"ele-entry-title\"><a href=\"https:\/\/aport.pt\/jfc\/golden\/\" rel=\"bookmark\" title=\"Golden Visa\">Golden Visa<\/a><\/h3><a href=\"https:\/\/aport.pt\/jfc\/golden\/\" target=\"\" aria-label=\"Read more about Golden Visa\" class=\"box-button elementor-button elementor-size-xs\">Ler mais<\/a>\n<\/div><\/article><\/div><div class=\"visible wf-cell\" data-post-id=\"4772\" data-date=\"2024-04-11T22:47:05+00:00\" data-name=\"D7 Visa\"><article class=\"post visible post-4772 type-post status-publish format-standard has-post-thumbnail hentry category-uncategorized-pt category-37 description-off\" data-name=\"D7 Visa\" data-date=\"2024-04-11T22:47:05+00:00\">\n\n\t<div class=\"post-thumbnail-wrap\">\n\t\t<div class=\"post-thumbnail\">\n\n\t\t\t<a class=\"post-thumbnail-rollover layzr-bg img-css-resize-wrapper\" aria-label=\"Post image\" href=\"https:\/\/aport.pt\/jfc\/d7\/\"><img decoding=\"async\" width=\"984\" height=\"984\" src=\"data:image\/svg+xml,%3Csvg%20xmlns%3D&#039;http%3A%2F%2Fwww.w3.org%2F2000%2Fsvg&#039;%20viewBox%3D&#039;0%200%20984%20984&#039;%2F%3E\" class=\"attachment-full size-full preload-me aspect lazy lazy-load\" alt=\"\" sizes=\"(max-width: 984px) 100vw, 984px\" style=\"--ratio: 984 \/ 984;\" data-src=\"https:\/\/aport.pt\/jfc\/wp-content\/uploads\/2024\/04\/D7-visa.jpg\" loading=\"eager\" data-srcset=\"https:\/\/aport.pt\/jfc\/wp-content\/uploads\/2024\/04\/D7-visa.jpg 984w, https:\/\/aport.pt\/jfc\/wp-content\/uploads\/2024\/04\/D7-visa-300x300.jpg 300w, https:\/\/aport.pt\/jfc\/wp-content\/uploads\/2024\/04\/D7-visa-150x150.jpg 150w, https:\/\/aport.pt\/jfc\/wp-content\/uploads\/2024\/04\/D7-visa-768x768.jpg 768w\" \/><span class=\"the7-hover-icon\"><i aria-hidden=\"true\" class=\" icomoon-the7-font-the7-link-03\"><\/i><\/span><\/a>\n\t\t<\/div>\n\t<\/div>\n\n\n<div class=\"post-entry-content\">\n\n\t<h3 class=\"ele-entry-title\"><a href=\"https:\/\/aport.pt\/jfc\/d7\/\" rel=\"bookmark\" title=\"D7 Visa\">D7 Visa<\/a><\/h3><a href=\"https:\/\/aport.pt\/jfc\/d7\/\" target=\"\" aria-label=\"Read more about D7 Visa\" class=\"box-button elementor-button elementor-size-xs\">Ler mais<\/a>\n<\/div><\/article><\/div><div class=\"visible wf-cell\" data-post-id=\"2620\" data-date=\"2023-06-29T10:17:20+00:00\" data-name=\"Apresenta\u00e7\u00e3o KOTRA PT\"><article class=\"post visible post-2620 type-post status-publish format-standard has-post-thumbnail hentry category-uncategorized-pt\" data-name=\"Apresenta\u00e7\u00e3o KOTRA PT\" data-date=\"2023-06-29T10:17:20+00:00\">\n\n\t<div class=\"post-thumbnail-wrap\">\n\t\t<div class=\"post-thumbnail\">\n\n\t\t\t<a class=\"post-thumbnail-rollover layzr-bg img-css-resize-wrapper\" aria-label=\"Post image\" href=\"https:\/\/aport.pt\/jfc\/2620\/\"><img decoding=\"async\" width=\"687\" height=\"687\" src=\"data:image\/svg+xml,%3Csvg%20xmlns%3D&#039;http%3A%2F%2Fwww.w3.org%2F2000%2Fsvg&#039;%20viewBox%3D&#039;0%200%20687%20687&#039;%2F%3E\" class=\"attachment-full size-full preload-me aspect lazy lazy-load\" alt=\"\" sizes=\"(max-width: 687px) 100vw, 687px\" style=\"--ratio: 687 \/ 687;\" data-src=\"https:\/\/aport.pt\/jfc\/wp-content\/uploads\/2023\/06\/kotra_presentation_pt.png\" loading=\"eager\" data-srcset=\"https:\/\/aport.pt\/jfc\/wp-content\/uploads\/2023\/06\/kotra_presentation_pt.png 687w, https:\/\/aport.pt\/jfc\/wp-content\/uploads\/2023\/06\/kotra_presentation_pt-300x300.png 300w, https:\/\/aport.pt\/jfc\/wp-content\/uploads\/2023\/06\/kotra_presentation_pt-150x150.png 150w\" \/><span class=\"the7-hover-icon\"><i aria-hidden=\"true\" class=\" icomoon-the7-font-the7-link-03\"><\/i><\/span><\/a>\n\t\t<\/div>\n\t<\/div>\n\n\n<div class=\"post-entry-content\">\n\n\t<h3 class=\"ele-entry-title\"><a href=\"https:\/\/aport.pt\/jfc\/2620\/\" rel=\"bookmark\" title=\"Apresenta\u00e7\u00e3o KOTRA PT\">Apresenta\u00e7\u00e3o KOTRA PT<\/a><\/h3><a href=\"https:\/\/aport.pt\/jfc\/2620\/\" target=\"\" aria-label=\"Read more about Apresenta\u00e7\u00e3o KOTRA PT\" class=\"box-button elementor-button elementor-size-xs\">Ler mais<\/a>\n<\/div><\/article><\/div><div class=\"visible wf-cell\" data-post-id=\"2611\" data-date=\"2023-06-29T10:08:22+00:00\" data-name=\"Apresenta\u00e7\u00e3o KOTRA EN\"><article class=\"post visible post-2611 type-post status-publish format-standard has-post-thumbnail hentry category-uncategorized-pt\" data-name=\"Apresenta\u00e7\u00e3o KOTRA EN\" data-date=\"2023-06-29T10:08:22+00:00\">\n\n\t<div class=\"post-thumbnail-wrap\">\n\t\t<div class=\"post-thumbnail\">\n\n\t\t\t<a class=\"post-thumbnail-rollover layzr-bg img-css-resize-wrapper\" aria-label=\"Post image\" href=\"https:\/\/aport.pt\/jfc\/2611\/\"><img decoding=\"async\" width=\"687\" height=\"687\" src=\"data:image\/svg+xml,%3Csvg%20xmlns%3D&#039;http%3A%2F%2Fwww.w3.org%2F2000%2Fsvg&#039;%20viewBox%3D&#039;0%200%20687%20687&#039;%2F%3E\" class=\"attachment-full size-full preload-me aspect lazy lazy-load\" alt=\"\" sizes=\"(max-width: 687px) 100vw, 687px\" style=\"--ratio: 687 \/ 687;\" data-src=\"https:\/\/aport.pt\/jfc\/wp-content\/uploads\/2023\/06\/kotra_presentation_en.png\" loading=\"eager\" data-srcset=\"https:\/\/aport.pt\/jfc\/wp-content\/uploads\/2023\/06\/kotra_presentation_en.png 687w, https:\/\/aport.pt\/jfc\/wp-content\/uploads\/2023\/06\/kotra_presentation_en-300x300.png 300w, https:\/\/aport.pt\/jfc\/wp-content\/uploads\/2023\/06\/kotra_presentation_en-150x150.png 150w\" \/><span class=\"the7-hover-icon\"><i aria-hidden=\"true\" class=\" icomoon-the7-font-the7-link-03\"><\/i><\/span><\/a>\n\t\t<\/div>\n\t<\/div>\n\n\n<div class=\"post-entry-content\">\n\n\t<h3 class=\"ele-entry-title\"><a href=\"https:\/\/aport.pt\/jfc\/2611\/\" rel=\"bookmark\" title=\"Apresenta\u00e7\u00e3o KOTRA EN\">Apresenta\u00e7\u00e3o KOTRA EN<\/a><\/h3><a href=\"https:\/\/aport.pt\/jfc\/2611\/\" target=\"\" aria-label=\"Read more about Apresenta\u00e7\u00e3o KOTRA EN\" class=\"box-button elementor-button elementor-size-xs\">Ler mais<\/a>\n<\/div><\/article><\/div><\/div><!-- iso-container|iso-grid --><div class=\"paginator filter-decorations filter-pointer-underline filter-animation-fade\" role=\"navigation\"><a href=\"https:\/\/aport.pt\/jfc\/wp-json\/wp\/v2\/pages\/349\/\" class=\"page-numbers filter-item act\" data-page-num=\"1\">1<\/a><a href=\"https:\/\/aport.pt\/jfc\/wp-json\/wp\/v2\/pages\/349\/page\/2\/\" class=\"page-numbers filter-item \" data-page-num=\"2\">2<\/a><a href=\"https:\/\/aport.pt\/jfc\/wp-json\/wp\/v2\/pages\/349\/page\/3\/\" class=\"page-numbers filter-item \" data-page-num=\"3\">3<\/a><a href=\"https:\/\/aport.pt\/jfc\/wp-json\/wp\/v2\/pages\/349\/page\/2\/\" class=\"page-numbers nav-next filter-item\" data-page-num=\"2\" >\u2192<\/a><\/div><\/div>\t\t\t\t<\/div>\n\t\t\t\t<\/div>\n\t\t\t\t\t<\/div>\n\t\t<\/div>\n\t\t\t\t\t<\/div>\n\t\t<\/section>\n\t\t\t\t<\/div>\n\t\t","protected":false},"excerpt":{"rendered":"<p>Madeira Free Trade Zone Ler mais Working as a Freelancer in Portugal Ler mais Golden Visa Ler mais D7 Visa Ler mais Apresenta\u00e7\u00e3o KOTRA PT Ler mais Apresenta\u00e7\u00e3o KOTRA EN Ler mais 123\u2192<\/p>\n","protected":false},"author":1,"featured_media":338,"parent":0,"menu_order":50,"comment_status":"closed","ping_status":"closed","template":"elementor_header_footer","meta":{"footnotes":""},"class_list":["post-349","page","type-page","status-publish","has-post-thumbnail","hentry"],"_links":{"self":[{"href":"https:\/\/aport.pt\/jfc\/wp-json\/wp\/v2\/pages\/349","targetHints":{"allow":["GET"]}}],"collection":[{"href":"https:\/\/aport.pt\/jfc\/wp-json\/wp\/v2\/pages"}],"about":[{"href":"https:\/\/aport.pt\/jfc\/wp-json\/wp\/v2\/types\/page"}],"author":[{"embeddable":true,"href":"https:\/\/aport.pt\/jfc\/wp-json\/wp\/v2\/users\/1"}],"replies":[{"embeddable":true,"href":"https:\/\/aport.pt\/jfc\/wp-json\/wp\/v2\/comments?post=349"}],"version-history":[{"count":22,"href":"https:\/\/aport.pt\/jfc\/wp-json\/wp\/v2\/pages\/349\/revisions"}],"predecessor-version":[{"id":4881,"href":"https:\/\/aport.pt\/jfc\/wp-json\/wp\/v2\/pages\/349\/revisions\/4881"}],"wp:featuredmedia":[{"embeddable":true,"href":"https:\/\/aport.pt\/jfc\/wp-json\/wp\/v2\/media\/338"}],"wp:attachment":[{"href":"https:\/\/aport.pt\/jfc\/wp-json\/wp\/v2\/media?parent=349"}],"curies":[{"name":"wp","href":"https:\/\/api.w.org\/{rel}","templated":true}]}}